39
Calculate (-49 - -1) + 37 + 7.
-4
What is the value of (-6 + 3 - -3) + (-92 - -92) - 22?
-22
What is the value of -58 - 2 - ((-65 - -96) + -26)?
-65
Evaluate 15 - 8 - (8 + -37 + 17 - -133).
-114
Calculate 76 + -40 + -90 + 32.
-22
Evaluate (2 + 21 + 1 - -22) + -11.
35
Evaluate 30 + (86 - 56) + -22.
38
Evaluate 1 + -224 + 237 + (-18 + 1 - -2).
-1
What is the value of (-139 - (-3 - 95)) + -39?
-80
Calculate (70 - (-27 + 84)) + (-3 - -6) + -9.
7
(4 + 19 - 0) + 1018 + -1089
-48
32 + (39 + -29 + -5 - (10 - 0)) + 13
40
Evaluate 33 - (-16 + 3 + (-20 - -41)).
25
What is 27 - (27 - (-6 + 33 + 1))?
28
Calculate -56 - ((17 - (40 - 51)) + 4).
-88
What is (-3 - (-127 - 3 - -2)) + -4 - (317 + -317)?
121
(-18 - -8 - -6) + 5 + 9 + -9
1
Evaluate (4 + -8 - 2 - -13) + (10 - 11) + -16.
-10
What is the value of -33 + -23 + -75 + 57?
-74
Calculate 21 - 41 - ((3 - -7) + -65).
35
Calculate 10 - (-1 + 2) - ((37 - 50) + 9).
13
(70 - 45) + (-20 - (-8 + -6))
19
Evaluate 82 + (-55 - -57) + -47.
37
Evaluate -9 - -11 - (2 + 1 - -4) - (-67 + 3).
59
Evaluate 662 + -693 + (7 - 25).
-49
Calculate (-367 - -391) + (-39 - 0) - (-1 + -1 + 128).
-141
Calculate 5 + (-2 - 1 - (-76 + (23 + 8 - 7))).
54
What is the value of (5 - -15) + 12 - 13 - 11?
8
What is the value of 4 - (1 - 17 - 3) - (689 + -677)?
11
What is the value of -11 - ((2 + 1 + 17 - 14 - -2) + 31)?
-50
What is the value of -1613 - -1621 - (1 + -1 + -11)?
19
Evaluate 72 + 31 + (53 - 210).
-54
Evaluate 27 - (-7 + 7 + 72 - 18).
-27
What is (23 - 18) + 69 + 7 + 4 + 16?
101
What is the value of 34 - 55 - (12 - 33)?
0
Calculate 52 + -5 + (-10 + 17 + -18 - -12).
48
-9 - (-1 - (-10 + 5 - -3 - (-11 + -5)))
6
What is the value of (8 - -11) + -126 + 30 - -13?
-64
Evaluate 32 + (-83 - -49) - (-2 - -20 - 5).
-15
Calculate (2 - -9) + (3 - (-3 + 1 - (5 - -2))).
23
Evaluate -6 + -116 + 20 + -15.
-117
Evaluate -71 + 80 + (-21 - (10 + -6 + 0)).
-16
What is the value of -30 + ((-2 - -11) + (0 - 3) - (17 - 1))?
-40
What is -7 - (71 + -71 - ((-10 - -4) + -2 + 3))?
-12
Evaluate 79 - (12 + 27 + -8 + -13).
61
-42 + (-8 - -10) + (-19 - (-6 + (4 - 7)))
-50
(-10 - 6) + -6 + 49 + -37
-10
Calculate 18 - (-17 + 0 + 7) - 0.
28
What is the value of 18 - 4 - (5 - (-20 - -2)) - (2 + -58)?
47
What is the value of -35 + 67 + -15 + -17 + (1 - -11)?
12
What is 12 + (-90 + (-69 - -30) - (1 + -10 + 2))?
-110
Evaluate 0 - 46 - (15 + -16 - (1 - -5)).
-39
Calculate 135 + -71 + 30 + (-2 - (-7 - -12)).
87
What is the value of -12 + (-2 - (17 + -47)) + -8 + -67?
-59
What is 46 + (-50 - (-3 + -46 + 21))?
24
What is the value of -75 - -11 - (-2 - 8) - (-8 - (10 - 17))?
-53
What is 3 + (-300 + 289 - (-3 + 1 + -12))?
6
What is 2 + -1 + -29 - (29 + (-17 - (-13 - -30)))?
-23
Evaluate 61 + -1 - (-2 + (-6 - -31) - 31).
68
Evaluate -14 + 3 + 36 - -10 - -2.
37
Calculate -31 + (116 - 43) + -95.
-53
What is the value of 12 + 2 + (-5 - 13) - (7 - 3 - 41)?
33
Evaluate 4 + (-9 + 2 + (-8 - -10) - (-2 + -28)).
29
What is the value of 9 + -1 + (-10 - -1) + 38?
37
(3 - (2 - 1)) + (-9 - -26) + -31 - -127
115
Calculate (-13 - (-32 + -2 + 21 + (-3 - 6))) + 73.
82
-10 + (-37 - -90) + -26
17
What is the value of 191 - (-125 - (-110 - 126))?
80
What is the value of -23 - ((-18 - -29) + 2)?
-36
Calculate 13 - (-1 - 5 - (-94 + 6 + 27 + -2)).
-44
-17 - 6 - -19 - -24
20
Calculate -6 + 8 - (118 + -29 + -46).
-41
Calculate (136 - 124) + (-1 - 21).
-10
What is 127 + -48 + (-36 - 20)?
23
What is (45 + -83 - -41) + -38 + 5?
-30
What is (110 - -4) + -12 - (43 - 25)?
84
(6 + -5 + -4 - (-68 + -13 + 23)) + -11
44
Calculate (-37 - (33 + -41)) + 44.
15
Evaluate (-15 - -2 - (49 + -61)) + (15 - 2).
12
What is (9 + -10 - -4) + (153 - 37)?
119
What is 27 - (21 + -39 - 47) - -2?
94
Evaluate 10 - (16 + 10 + -10) - (37 + 0).
-43
Calculate (-44 - -58 - 67) + 24.
-29
Evaluate (-403 - -233 - -205) + (23 - (0 - -3)).
55
Evaluate (25 - (6 + -7 - -9)) + -22 + -114.
-119
Evaluate (-70 + 79 - (0 - -16)) + -44.
-51
0 + (-5 + 24 + -10 - (1 - -15)) + -25
-32
What is (7 - ((109 - 14) + -10 + -16)) + -5?
-67
Evaluate (17 - 61) + (2 - (5 - 6)) + 11.
-30
Calculate 10 + -2 + 2 - (91 - 29) - (-7 + 12).
-57
48 + 0 + (-1 - -3 - (5 + -5))
50
(33 - 82) + 114 - (-11 - -5)
71
Calculate (5 - (-49 + -4)) + -6 - (-14 + 15 - 10).
61
What is the value of -4 + (-4 + 1 + (102 - 91) - (1 - -10))?
-7
(3 - 11) + (-30 - (-11 + -38)) - -64
75
What is the value of -1 + -6 + 55 + (-7 - 4)?
37
What is -56 + 26 - 31 - -20?
-41
What is the value of -107 - (-52 + -136) - -66?
147
Calculate 2 + 28 - -8 - 38.
0
What is -35 + ((10 - 2 - -3) + 0 - 25)?
-49
Evaluate (12 - (-13 - 3)) + -14 - (-14 - -2).
26
What is the value of 1 - -17 - (33 + (110 - 145))?
20
-6 + 15 + 6 + 28 + -99 + 13
-43
Evaluate (-5 - 1) + 21 + -30 + 25 - 49.
-39
What is the value of (-2 - (30 - (34 - 23))) + -25?
-46
Calculate 1411 + -1390 - (36 - -1).
-16
Calculate -80 - ((-60 - 21) + 53).
-52
(4 + -3 - 12) + -1 + 37 + -4
21
Calculate (1 - 27) + 4269 + -4252 - (-35 + -1).
27
6 + ((-3 - 15) + 7 - -6) + 36
37
Evaluate 5 + 0 + (-101 - -2) + (-282 - -289).
-87
Calculate (-70 - (-203 - -110)) + (-16 - -1) + (-1 - 11).
-4
Calculate 20 - (22 - (-15 - -26 - -7)).
16
What is (-35 - -8) + (31 - (-5 + 23)) - 2?
-16
Evaluate (-17 - (27 - (44 + -32))) + -30.
-62
(4 - 40) + (-22 - -2) + -58
-114
Evaluate 3 + 81 - (4906 + -4909).
87
Evaluate (22 - 35) + -10 + -2 + 57.
32
-7 - (1 + -4) - (22 + (-69 - (1 - 43)))
1
Evaluate 888 + -935 + -3 + 111.
61
What is (0 - 4) + (-147 - (-67 - 31))?
-53
Evaluate (-1 - (1 + -2)) + (123 - 111) - 28.
-16
Calculate 0 + -13 + 17 + -7 + (27 - 41) - -10.
-7
What is the value of 2 - (86 + -2 + 1) - ((-38 - -43) + -4)?
-84
Evaluate -56 + 25 + (-2 - -4).
-29
What is (7 - (36 + 23)) + 41 + 85?
74
(-38 - (-45 - -39)) + 12
-20
-69 + 118 + -92 - -88
45
Evaluate 3 + (16 - -3) + 14 + -8 + 26.
54
Evaluate 32 + -13 - (189 + -206).
36
What is the value of -44 - -49 - (-5 + 5 - -2) - (-1 - 23)?
27
What is the value of 3 - (14 - (27 + 25 + -8))?
33
Calculate 4 + (-6 - (-9 + (-11 - -15))) + 39 + -5.
37
Evaluate ((-9 - (7 - 14)) + 7 - -6) + (-60 - -9).
-40
What is 133 + -214 + 124 + -66?
-23
What is (-70 + 32 - -49) + 22 + -3?
30
-33 - -1 - ((-9 - (-3 + -2)) + -11)
-17
Calculate -19 - 2 - (19 - 22 - -23 - 145).
104
Calculate 0 + -4 - -3 - ((-2 - 6) + 16).
-9
(-47 - -56) + (-2 - 5) - (-4 - 56)
62
What is -2 - (-7 - -4) - (-21 - (-131 + 57))?
-52
What is 33 + 9 + -27 + (54 - 49)?
20
Calculate -25 + (-6 + (49 - 13) - 11 - 6).
-12
What is the value of -2 + -74 - (158 - 196 - (4 - 28))?
-62
What is the value of -67 - ((-1 + -4 - -3) + -171 + 159)?
-53
Evaluate (-49 - 14 - ((-2 - 6) + -2)) + 13.
-40
Calculate -10 - (((14 - 4) + -21 - -22) + 49).
-70
Calculate -110 + (105 - 114 - -98).
-21
Calculate (41 - (-30 + 103)) + 63.
31
Calculate 68 - (31 - -120) - -66.
-17
Calculate -29 - (-24 - (-26 - -65)).
34
What is (-3 - (-2 + -1) - 23 - -5) + 71 + -59?
-6
Calculate 1121 + -1181 - (34 + -1) - 11.
-104
Calculate -21 + 17 + (0 - 4) - (-490 - -495).
-13
What is the value of -11 + -4 + 2 + (-41 - (-36 + -28))?
10
Calculate -15 + -16 + 110 + -36.
43
Calculate (3 + -6 - 4) + (21 + -48 - (-35 - -74)).
-73
Evaluate (66 + (-27 - -12) - 42) + -75.
-66
Calculate (26 + -64 - 44) + (9 - 3 - -3).
-73
Evaluate (-18 - (7 - 20)) + -43 + -25 + 61.
-12
Calculate 12 - (-4 - (15 + 15 + -51)).
-5
What is 24 - (16 - (-47 - 21))?
-60
What is 101 - 100 - (0 + 2 - -1 - -36)?
-38
What is the value of (41 - (57 - 19)) + -71?
-68
Calculate -26 + 36 + (135 - 79).
66
Evaluate 20 + (-4 - 0) + 31 + -38 + -61.
-52
Calculate (0 + -45 - ((2 - 0) + -4)) + (2669 - 2657).
-31
What is 5 - (-43 - -21 - -18)?
9
What is the value of -12 + (13 - 3 - (566 + -590))?
22
Evaluate -66 + (-19 - -10 - -76).
1
What is the value of 1 + 3 + -35 + -26 + 46 + -13?
-24
-3 + -1 + (18 - 37 - (-1 + -13)) - 28
-37
What is the value of -1304 + 1307 - (-1 + (-1 - -2)) - (1 + 55)?
-53
-534 - -485 - (0 - 54)
5
Calculate 2 + -4 + 15 + -13 + -32.
-32
4 + (-8 - (2 - (-12 + 13))) + 6
1
What is 1388 - 1213 - (5 - -85)?
85
What is 41 - (23 + -4 - -5 - (3 + 8))?
28
Evaluate 1 + -25 + (0 - (-15 + -2 + (10 - 5))).
-12
-44 + 25 + 45 - (-3 + -17)
46
Calculate 1 + -4 + ((-13 - -4) + -5 - (106 + -116)).
-7
What is the value of 103 + -11 + (18 - (7 - -10)) - 15?
78
Wha